(a) = -9*a**2 - 6 - 13*a - a**3 + 10*a + 19*a + 3*a. What is the units digit of r(-12)?
8
Let a = -35728 + 76631. What is the ten thousands digit of a?
4
Let u(b) = b**2 - 6*b + 3. Let r be u(7). Suppose -19994 = r*l - 23*l. What is the units digit of l?
8
Let t = 34 + -80. Let y be 5406/(-204)*(2 - (8 + -2)). Let b = t + y. What is the tens digit of b?
6
Let h = -1272 - -2190. Suppose s - 907 = -4*n + h, -s + 2281 = 5*n. What is the tens digit of n?
5
Let r = 25 - -94. Suppose -2*b + 37 = -r. Suppose -8*o + b + 2 = 0. What is the units digit of o?
0
Let n be 2/10*(3 + -9)*-10. Suppose 1216 = -n*u + 20*u. Let y = u - 151. What is the units digit of y?
1
Let t = 1896 - 940. Suppose -3452 = -6*u - t. What is the units digit of u?
6
Let q = 735 - -1064. What is the tens digit of q?
9
Suppose -53*m = -23150 - 49354. What is the thousands digit of m?
1
Suppose -6*i + 882 = -3*i. Suppose 8*t - i = 1362. What is the units digit of t?
7
Let b(t) = t**3 - 2*t**2 - 38*t - 13. Let p be b(-5). Let w(i) = 20*i**3 - i**2 - 3*i - 10. What is the units digit of w(p)?
0
Let y(w) = -2228*w + 3202. What is the units digit of y(-16)?
0
Let z(n) be the first derivative of n**4 + 5*n**3/3 + n**2 - 10*n + 2. Let g be z(5). Suppose -28*t + g = -23*t. What is the hundreds digit of t?
1
Let u(k) = -k**3 - 19*k**2 + 4. Let w be u(-19). Suppose 4*i - 254 - 190 = -w*s, 1 = -i. What is the tens digit of s?
1
Let h be -1 + (-6 - -166) + -2 + 5. Suppose 2*k + 151 = p, -2*k + 152 + h = 2*p. What is the units digit of p?
5
Suppose 56*l = 148*l + 150*l - 1726428. What is the hundreds digit of l?
1
Suppose 0 = 1701*x - 1703*x - 126. What is the units digit of (-4720)/(-168) - (-6)/x?
8
Let f(k) = 113 - 60 + 109 - 3*k. What is the hundreds digit of f(6)?
1
Let x(f) = -f**3 + 3*f + 1. Suppose -5*n = c + 9, -3 + 0 = 4*n + 5*c. Let y be x(n). Suppose 2*i - 18 = -2*h, i - h + y = h. What is the units digit of i?
5
Let a be (-2 - (1 - 0)) + (-6)/(-2). Let g be 294*(2 - (a - 0)). Suppose u - 239 = -2*f - 2*u, -g = -5*f + 2*u. What is the hundreds digit of f?
1
Suppose -2*g - 8 = -2*r + r, 3*r + 3*g = 15. Let u = r + 1. Suppose -4*c = -u*c + 159. What is the tens digit of c?
5
Let v(m) = -20*m - 4. Let c(n) = -n**2 + n - 1. Let b be c(1). Let s be v(b). Let k = s - -31. What is the units digit of k?
7
What is the tens digit of (-14)/(-4)*-6*11/((-99)/1857)?
3
Suppose 25*l + 15527 = u + 27*l, -31050 = -2*u - 2*l. What is the units digit of u?
3
Let w(j) = 14*j - 30. Let l be ((-24)/(-9))/((-3)/(-18)). Let s be w(l). Suppose -h + 87 = 4*n, -3*h = -5*h - 4*n + s. What is the units digit of h?
7
Suppose -3*s + 25382 = -5*z, -s + 4*z = -8451 - 12. What is the thousands digit of s?
8
Let w(c) = -1161*c + 93. What is the units digit of w(-3)?
6
Suppose -666*z + j + 156 = -665*z, 330 = 2*z - 5*j. What is the tens digit of z?
5
Let x(o) = -11*o**2 + 7*o - 13. Let a be x(-5). Let j = a - -664. What is the units digit of j?
1
Let y(o) = 6*o**2 - 31*o - 22. Let p be y(19). Suppose 7*q - 2*q - p = 5*u, -2*q = 3*u - 602. What is the hundreds digit of q?
3
What is the tens digit of 8645 + 50/11 + (-204)/374?
4
Let w(u) = -u**3 + 8*u**2 - 5*u - 10. Let m be (1 + 0)*9 - (5 - 3). Let q be w(m). What is the tens digit of -69*((-32)/6 + q)?
9
Let i = 69 + 2. Let a = i + -34. Suppose -2*q = -a - 37. What is the units digit of q?
7
Suppose -72*n + 41221 = -13*n - 758996. What is the units digit of n?
3
Suppose -12*j - 20 = -16*j. Suppose -84 = -j*f + f. Suppose g - 22 = f. What is the units digit of g?
3
Suppose -5*i = 209*s - 219*s + 51320, 5*s = -5*i + 25660. What is the units digit of s?
2
Let k(f) = -2*f**3 + 56*f**2 - 40*f + 31. What is the thousands digit of k(26)?
1
Suppose 4*l = -20*o + 25*o + 31277, 0 = 3*l + o - 23472. What is the tens digit of l?
2
Let l = -157 + 276. Suppose 2*k + l - 129 = 0. Suppose 4*d - q - 507 = 0, 2*d + k*q = 4*d - 249. What is the units digit of d?
7
Suppose 4*s - 3*t - 2 = 0, -s = 3*t - 0*t - 8. Suppose -i + 131 = 3*a - 4*a, 0 = i - s*a - 129. What is the units digit of i?
3
Let t = 46772 - -34125. What is the hundreds digit of t?
8
Let w = -1862 + 4104. Suppose -8*y + w = -11414. What is the units digit of y?
7
Suppose -3*a + 3*r + 64459 + 35459 = 0, -r - 2 = 0. What is the ten thousands digit of a?
3
Let t be (15/(-25))/((-2)/10). Let s be (-10)/(-3 + t + -2). Suppose 5*h + 2*o = 465, -4*h + s*o + 248 = -h. What is the units digit of h?
1
Let k = 54 - 48. Suppose 93 = -k*t + 9*t. Let s = -19 + t. What is the tens digit of s?
1
Let i be (16*154 + 7)*1. Suppose -i = -28*k + 21*k. What is the hundreds digit of k?
3
Suppose -5*w = b - 15658, -29779 + 108149 = 5*b + 5*w. What is the hundreds digit of (-10)/15*b/(-12)?
8
Let t(s) = -s**2 + 12*s + 9. Let x be t(11). Suppose -x*b = b - 23835. What is the tens digit of b?
3
Let s(x) = x**3 - 10*x**2 + x - 8. Let q be s(10). Let p be 0*(-5 + q - -4). Suppose 4*u - 3*u - 92 = p. What is the tens digit of u?
9
What is the ten thousands digit of 14517 + (-189)/84*4?
1
Suppose -12984 = -5*k + 3*b + 2684, b = 5*k - 15666. What is the units digit of k?
3
Suppose -5*c + 38*i - 36*i + 102900 = 0, -41160 = -2*c - i. What is the thousands digit of c?
0
Suppose 271 = 4*f - 5*k, 33*f + 4*k = 28*f + 390. Let t be 4*((-515)/(-4))/5. Let c = t - f. What is the units digit of c?
9
Let f(h) = 0*h**3 - 6*h**2 + 3*h**3 - 7*h**3 + 9 + h**3. Let i = 18 - 22. What is the tens digit of f(i)?
0
Suppose 0 = -10*k - 1093 - 137. Let u = 125 + k. Suppose -u*n + 394 = 50. What is the tens digit of n?
7
Suppose -80*w = -81*w - g + 10006, w + 5*g - 9986 = 0. What is the hundreds digit of w?
0
Let t(h) = 5*h**2 + 6*h - 5. Let z be -3*(-70)/12*(-32)/(-56). What is the units digit of t(z)?
5
Let r(g) = 31*g - 4. Let i = -1 - -5. Let w be r(i). Suppose -11*n = -14*n + w. What is the units digit of n?
0
Suppose 240*v + 66645 = 245*v. Suppose 0 = -n + 10*n - v. What is the units digit of n?
1
Suppose 12*o = -52388 + 191120. What is the ten thousands digit of o?
1
Suppose -3*b - 7991 = -4*t - 1375, -2*b + 8270 = 5*t. What is the hundreds digit of t?
6
Suppose -5*d + 106 + 8994 = 0. Suppose -5*h + d = -0*h. Suppose -3*g + h + 290 = 0. What is the tens digit of g?
1
Let v = -235 - -777. Suppose 0 = 53*y - 336 - 88. Suppose 370 = y*f - v. What is the tens digit of f?
1
Let n = -39507 - -93340. What is the tens digit of n?
3
Suppose 0 = -4*x + 5*a + 19, 10 = -3*x + 7*x - 2*a. Let f be x*(2 + 0 + 1). Suppose -4*k + 150 = 3*d, -d + 225 = 3*d - f*k. What is the tens digit of d?
5
What is the tens digit of ((28560/64)/(-7))/((-2)/912)?
7
Let w(x) = x**2 - 16*x - 73. Let i = -377 + 353. What is the hundreds digit of w(i)?
8
Let t(j) = 3*j**3 + j**2 - j + 2. Let c be t(-4). Let p = -124 - c. What is the tens digit of p?
4
Let g = 49137 - 30231. What is the tens digit of g?
0
Let w(c) = 3*c**2 - 15*c - 54. Suppose 9*h - 33 = 111. What is the hundreds digit of w(h)?
4
Let i(f) = -12*f + 78. Let v be i(4). What is the units digit of 6 + -34*v/(-12)?
1
Suppose 0 = -f - g + 7, -5*f + 11 = 2*g - 9. Suppose -3*q + 5*r = -8*q + 2170, -f*q + 863 = -3*r. What is the tens digit of q?
3
Suppose -5*h + 9986 = n, -4*h - 7983 = -8*h + 5*n. What is the hundreds digit of h?
9
Suppose 0 = -4*u - 4*g + 11152, -4*g + 13933 = u + 4*u. What is the hundreds digit of u?
7
What is the thousands digit of 0 + (7 + (-152)/24)*(-35514)/(-4)?
5
Suppose 0 = -4*r + 5*x + 72711 + 1324, 3*r - 55525 = 4*x. What is the ten thousands digit of r?
1
Suppose 3*y - d - 751 = 0, 5 - 1 = 2*d. Suppose 249*o + 76 = y*o. What is the tens digit of o?
3
Let y = -80 + 83. Suppose 12 = y*t, 4*t = 2*p + 7 + 7. What is the units digit of p?
1
Let t be (2 - 16/12)*-93. Let k = t + 70. Suppose 4*w - 624 = -k*w. What is the units digit of w?
2
Let m(y) = 1394*y**2 - 83*y + 166. What is the tens digit of m(2)?
7
Suppose -a + 5*v = -15720 - 29059, -2*a + 3*v + 89523 = 0. What is the units digit of a?
4
Let k = 11456 + -7756. What is the hundreds digit of k?
7
Suppose -9*r + 39 = -g - 5*r, -5*g - 3*r - 80 = 0. What is the hundreds digit of g/(1140/(-35016)) - 2/(-5)?
5
Let h = 6172 + -1735. Let d = h - 2795. What is the tens digit of d?
4
Let x = 33 - 33. Suppose x = 2*m + 4*t, -m + 4 = -3*t - 1. Suppose 0 = 2*v - 3 - 5, -4*c + 